{"id":52,"date":"2015-09-27T22:15:43","date_gmt":"2015-09-27T22:15:43","guid":{"rendered":"http:\/\/scmalvorge.pt\/?page_id=52"},"modified":"2022-01-26T18:53:10","modified_gmt":"2022-01-26T18:53:10","slug":"historia","status":"publish","type":"page","link":"https:\/\/scmalvorge.pt\/index.php\/apresentacao\/historia\/","title":{"rendered":"HIST\u00d3RIA"},"content":{"rendered":"<p><strong><a href=\"http:\/\/scmalvorge.pt\/wp-content\/uploads\/2015\/09\/StaCM-area01.jpg\"><img loading=\"lazy\" class=\"alignleft wp-image-15 size-full\" src=\"http:\/\/scmalvorge.pt\/wp-content\/uploads\/2015\/09\/StaCM-area01.jpg\" alt=\"StaCM area01\" width=\"400\" height=\"294\" srcset=\"https:\/\/scmalvorge.pt\/wp-content\/uploads\/2015\/09\/StaCM-area01.jpg 400w, https:\/\/scmalvorge.pt\/wp-content\/uploads\/2015\/09\/StaCM-area01-300x221.jpg 300w\" sizes=\"(max-width: 400px) 100vw, 400px\" \/><\/a>APRESENTA\u00c7\u00c3O DA INSTITUI\u00c7\u00c3O<\/strong><br \/>\nA Santa Casa da Miseric\u00f3rdia de Alvorge foi fundada em 1696, sendo reconhecida como uma Institui\u00e7\u00e3o Particular de Solidariedade Social desde 05 de Julho de 1985 e vive orientada por uma miss\u00e3o de solidariedade e generosidade, assente no apoio \u00e0 fam\u00edlia, prote\u00e7\u00e3o \u00e0 velhice.<\/p>\n<p>A Santa casa da Miseric\u00f3rdia de Alvorge tem atualmente 4 respostas sociais:<\/p>\n<p>\u2022 Estrutura Residencial para Idosos<br \/>\n\u2022 Servi\u00e7o de Apoio Domicili\u00e1rio<br \/>\n\u2022 Centro de Atividades e Capacita\u00e7\u00e3o para a Inclus\u00e3o<br \/>\n\u2022 Lar Residencial<\/p>\n","protected":false},"excerpt":{"rendered":"<p>APRESENTA\u00c7\u00c3O DA INSTITUI\u00c7\u00c3O A Santa Casa da Miseric\u00f3rdia de Alvorge foi fundada em 1696, sendo reconhecida como uma Institui\u00e7\u00e3o Particular de Solidariedade Social desde 05 de Julho de 1985 e vive orientada por uma miss\u00e3o de solidariedade e generosidade, assente no apoio \u00e0 fam\u00edlia, prote\u00e7\u00e3o \u00e0 velhice. A Santa casa da Miseric\u00f3rdia de Alvorge tem [&hellip;]<\/p>\n","protected":false},"author":1,"featured_media":0,"parent":11,"menu_order":0,"comment_status":"closed","ping_status":"closed","template":"","meta":[],"_links":{"self":[{"href":"https:\/\/scmalvorge.pt\/index.php\/wp-json\/wp\/v2\/pages\/52"}],"collection":[{"href":"https:\/\/scmalvorge.pt\/index.php\/wp-json\/wp\/v2\/pages"}],"about":[{"href":"https:\/\/scmalvorge.pt\/index.php\/wp-json\/wp\/v2\/types\/page"}],"author":[{"embeddable":true,"href":"https:\/\/scmalvorge.pt\/index.php\/wp-json\/wp\/v2\/users\/1"}],"replies":[{"embeddable":true,"href":"https:\/\/scmalvorge.pt\/index.php\/wp-json\/wp\/v2\/comments?post=52"}],"version-history":[{"count":7,"href":"https:\/\/scmalvorge.pt\/index.php\/wp-json\/wp\/v2\/pages\/52\/revisions"}],"predecessor-version":[{"id":1031,"href":"https:\/\/scmalvorge.pt\/index.php\/wp-json\/wp\/v2\/pages\/52\/revisions\/1031"}],"up":[{"embeddable":true,"href":"https:\/\/scmalvorge.pt\/index.php\/wp-json\/wp\/v2\/pages\/11"}],"wp:attachment":[{"href":"https:\/\/scmalvorge.pt\/index.php\/wp-json\/wp\/v2\/media?parent=52"}],"curies":[{"name":"wp","href":"https:\/\/api.w.org\/{rel}","templated":true}]}}